)*59/2. Suppose d + 5*g = x, 3*d + 1562 = -4*g + 13919. Is d prime?
False
Suppose 3*p = -0*z + 5*z + 205909, -z + 274530 = 4*p. Is p prime?
True
Suppose 15*i - 26*i + 66 = 0. Suppose i*g + 4*g = 2140. Is g a composite number?
True
Let g be 196/48 - 8/96. Is 4 + 102*(-2)/(g/(-191)) prime?
False
Suppose 2*k - 2*q = 230948, 13*q = -4*k + 11*q + 461920. Is -4 + k/18 - 12/27 prime?
False
Suppose -10936484 = -68*h + 16*h. Is h composite?
False
Let v(k) = 7*k**2 + 24*k - 54. Suppose 2*u = -6, -3*m + 72 = u - 3*u. Is v(m) composite?
True
Suppose -4*d + 163*y + 357868 = 159*y, 5*d - 4*y - 447341 = 0. Is d prime?
False
Let k(d) = -61 + 6*d + 4*d**3 - 5*d + 61. Let x be k(1). Suppose 25 = 5*f, x*w - 864 = 2*w + 3*f. Is w prime?
True
Let i be (-102)/(-9) - (-2)/3. Suppose 3*z = -i, -10*z = -2*j - 15*z + 7958. Is j prime?
True
Is (484635/(-25))/((-9)/10) - (-10)/6 a composite number?
True
Suppose 101 = k + 26. Let h be (-1)/2 - k/(-30). Suppose 2*o = 2*z - 1946, 0*z - h*o = -z + 969. Is z a composite number?
False
Suppose -2*a + 133603 = 3*o, -177270 = -2*a + o - 43679. Is a composite?
False
Suppose 0 = -0*w + 10*w. Let b(g) = 13*g**3 - 9*g**2 - 4*g + 67. Let f(q) = -28*q**3 + 19*q**2 + 9*q - 134. Let r(d) = 13*b(d) + 6*f(d). Is r(w) composite?
False
Suppose 9*v + 129092 = 4*r + 8*v, 4*v = 5*r - 161365. Suppose 22*g - r = 19669. Is g prime?
False
Let f(w) = 22*w - 7*w**2 - 2*w**2 + 34 + 10*w**2. Let o be f(-21). Suppose -o*l - 1313 = -14*l. Is l a prime number?
False
Is 10/14 - -3580*81/189 composite?
True
Let c(j) = -9*j - 132. Let d be c(-15). Suppose 2*b - 6866 = x, -b + d*b - 6866 = -5*x. Is b a prime number?
True
Suppose -4*z - 2*a = -1192, 0 = 2*z + z + 2*a - 893. Is 206563/z + (-4)/(-26) prime?
True
Let z be 5/((-20)/12) - -10. Let p be (z - 6) + (-1 - 2). Is 22 + -21 - 66/p*50 prime?
False
Suppose -38*k = -42*k + 21604. Is k a prime number?
False
Let h(z) = 176*z + 16. Let c = 63 - 69. Let o(p) = 176*p + 15. Let g(x) = c*h(x) + 5*o(x). Is g(-4) prime?
True
Suppose -4*n + 4*b - 16 = 0, -2 = 4*n - 2*b + 6. Suppose -5*m + 6*m - 2441 = -2*f, 4*m + 2*f - 9770 = n. Is m a prime number?
False
Suppose 332682 = -6*u + 10*u - 316034. Is u a composite number?
True
Is (-6)/22 + (-7920)/(-1089) + (64774 - 0) prime?
True
Suppose 3*y + 132*r - 133*r = 268761, 5*r = -3*y + 268797. Is y prime?
False
Let s(m) = m**3 + 18*m**2 - 28*m - 25. Let y = -148 - -134. Is s(y) a composite number?
False
Let v = -27 + 32. Suppose v*k + 4*p = 1027, 3*k = -k - 4*p + 820. Suppose k + 15 = 2*j. Is j composite?
True
Suppose -4*q = -2*y - 33400, -5*q + 13346 + 28401 = -3*y. Is q prime?
True
Let u = 74 + -74. Suppose u = -5*n - 2*k + 153679, 18*n = 16*n - 3*k + 61465. Is n a composite number?
True
Suppose 45*o - 137*o = -185564. Is o a composite number?
False
Let x be ((-34)/51)/((-2)/(-15)). Let j(n) = 4 + 2*n**2 - 8*n + 4*n + 3*n. Is j(x) a prime number?
True
Suppose -2*r = 689*q - 684*q - 49529, 4*q + 123773 = 5*r. Is r a composite number?
True
Is (-1)/((-22)/2093364) - 12/(-132) a prime number?
True
Let c be (-54)/126 + 17/7. Suppose -c*x = 2*j - 0*j - 6328, 12649 = 4*j - 3*x. Is j a composite number?
False
Let j be 15/(-25) - 28/(-5). Let q be (-23)/(-7) + (j - (-74)/(-14)). Suppose -2*p - z = q*z - 56, -2*z - 6 = 0. Is p prime?
False
Suppose 3*a - 8 = 7*a. Let o be (-5)/((-5)/a) + -2. Is -3*28/6*2/o a composite number?
False
Let l = 154522 - 63239. Is l a prime number?
True
Suppose -9*o = -7 + 88. Let x = o + 185. Suppose g + 0*g - x = -5*p, p = 3*g + 32. Is p a prime number?
False
Let g be ((-86)/6 + 3)/(3/(-2421)). Let l = g - -14609. Is l a prime number?
False
Is (-2179949 + -19)/(-21) + 9 composite?
True
Let x(s) = -s**3 - 11*s**2 - 12*s - 13. Let k be x(-10). Suppose 2*r + 45 = k*r. Is 17795/20 + r/(-12) a composite number?
True
Let z(j) be the first derivative of 27 - 683*j**2 + 518*j**2 - 2*j - 25*j. Is z(-4) a composite number?
True
Let j(t) = 26*t**2 - 80*t + 2325. Is j(-42) prime?
False
Let p = -957 - -107. Let a = 388 + p. Let u = 1588 + a. Is u composite?
True
Suppose -3*i + 3498 + 132 = 0. Let r = i - -10081. Is r composite?
True
Suppose -6 = 3*s - 0. Is (-11 + 12)/(s/10) - -4378 a prime number?
True
Let j(b) = -387*b**2 + 9*b - 2. Let t be j(-3). Let v = -357 - t. Is v composite?
True
Is -1 - (-47450)/4 - (1938/68 - 30) a prime number?
True
Suppose 0 = 5*s - 27 + 52. Let n(m) = -m**3 + 7*m**2 + 8*m + 4. Let r be n(s). Let o = -13 + r. Is o prime?
True
Let q(z) = z**3 + 11*z**2 - 193*z - 228. Is q(59) a composite number?
True
Let u(w) = -7*w + 34. Suppose 2*k = -10, -2*z + 21 = -2*k - 19. Let r be u(z). Let a = 117 + r. Is a a composite number?
True
Suppose -q - 1 + 8 = 0. Let h = 3 - 1. Suppose 1 = -r, q*f - 2*f - h*r - 2257 = 0. Is f a composite number?
True
Let p(b) = -b**3 - b**2 - 2. Let t be p(0). Let d(g) = -8*g**3 - 8*g**2 - 2*g + 1. Is d(t) a composite number?
False
Let k(q) be the first derivative of -251*q**4/4 + 2*q**3/3 + 3*q**2/2 + q + 4. Suppose 0 = -l - 5*v - 0*v - 21, 0 = -4*l + 2*v + 4. Is k(l) composite?
False
Is 18947/((1 - 3)/(-2)) prime?
True
Suppose 11*o - 15*o = 16. Let f be 1/((-118755)/29690 - o). Suppose 72 = 2*m - f. Is m composite?
True
Suppose 0 = -7*h + 52103 - 19231. Suppose 2*g - 17870 = h. Is g a composite number?
True
Suppose h + 5*u - 468033 + 10431 = 0, 2287984 = 5*h - u. Is h a composite number?
True
Let w(r) = 4369*r**3 + 2*r**2 - 3*r + 1. Let z be w(1). Let d = 7040 - z. Is d a prime number?
True
Is (-8)/108 + 78753957/81 prime?
True
Is (-10676334)/(-14) + 6 + 17/((-119)/44) a prime number?
False
Suppose 0 = 2*u + 3*k - 47, 60 = 5*u + 5*k - 55. Is 90306/u - 52/(-286) composite?
True
Let x(o) = -1224*o - 6. Let h = -15 + 10. Let d be x(h). Suppose -3*j = -6*j + d. Is j a prime number?
False
Is 5*(-7)/35*(1 + -88208) prime?
False
Suppose 0 = -0*p + 5*p. Suppose 0 = -p*d - d + 2528. Suppose 0 = -3*w + 2*v - v + 3779, 2*w - 5*v - d = 0. Is w prime?
True
Let s = 1042 + 2283. Let y = s - 1668. Is y a composite number?
False
Suppose 141*f - 121*f - 5053940 = 0. Is f a prime number?
False
Let h(s) = 73*s**2 - 25*s + 77. Is h(-28) a composite number?
True
Let s(w) = -605*w + 50 + 3 + 655*w. Is s(10) prime?
False
Let l(s) = 1964*s - 55. Let q(p) = p**3 - 14*p**2 + 2. Let j be q(14). Let k(b) = -393*b + 11. Let d(h) = j*l(h) + 11*k(h). Is d(-4) composite?
True
Suppose -101787798 - 10573230 = -156*b. Is b composite?
True
Suppose 32*r + 33*r - 13244465 = 0. Is r a prime number?
True
Let z(v) be the second derivative of 293*v**3/6 - 3*v**2 + 3*v. Let l be z(2). Suppose 3*a - 2*a - l = -2*q, q - 2*a = 295. Is q prime?
False
Let u(d) = 8*d**3 - 2*d**2 - 3*d - 1. Let a = -25 + -24. Let n = a - -53. Is u(n) a composite number?
False
Is -5*((-142)/(-20) - 7) + (-267219)/(-2) composite?
True
Suppose 4360263 = 104*d - 1792273. Is d a composite number?
False
Let o = -5643 + 15650. Is o a composite number?
False
Suppose 0 = 3*w - 4*w + 3*f + 50, -4*w + 4*f + 216 = 0. Is 12318*(42/w)/((-3)/(-2)) a composite number?
True
Let l = 588466 - 286029. Is l composite?
True
Let x(c) = -1 - 125*c + 118*c - 1. Let n be x(-1). Suppose -3*r - 5*t + 1196 = 0, -6*r + n*t = -2*r - 1583. Is r prime?
True
Let a(v) = -503*v + 6. Let m = 92 - 87. Suppose 5*n - 15 = m*w, -w - 4*w - 35 = 5*n. Is a(w) a prime number?
True
Let l(x) = x + 2. Let h be l(4). Suppose -4*v = -m - 37 + 5, 0 = 2*m. Suppose 0 = h*q - v*q + 442. Is q a composite number?
True
Suppose a - 10 = -9, 30 = 5*q + 5*a. Let w(k) = 949*k - 84. Is w(q) a prime number?
False
Let j(l) = 126044*l - 55. Is j(2) a composite number?
True
Let n be (-17 + 24)*3/7. Suppose -4*p + 180637 = 4*f - n*f, p + 5*f - 45164 = 0. Is p a composite number?
True
Let z(m) = -130*m**2 + 1. Suppose -y + 5 = 0, 19 = -2*r + 3*y - 0*y. Let o be z(r). Is o/(-9) + 12/9 prime?
True
Suppose 0 = -168*h + 163*h + 525935. Is h a composite number?
True
Suppose 3*t - 4*t + 72 = 5*z, 0 = -5*z - 3*t + 76. Suppose m - 10225 = -2*y, -z*m = -19*m - y + 51107. Is m a prime number?
False
Suppose 2*k + 4*j - 14 = 10, 2*k = 3*j - 4. Suppose -9350 = -k*r + 24198. Suppose -r = -5*c + 2478. Is c prime?
False
Let z = 567 - 1359. Let h = 1631 + z. Is h prime?
True
Let q = -24 + 32. Let o = q - 6. Suppose 0 = -o*b + 4337 + 689. Is b a prime number?
False
L